at is the units digit of d?
4
Let t(k) = -k**3 - 5*k**2 - k - 3. Let u be t(-5). Suppose -5*r = u - 17. Suppose -r*o + 2 = -1. What is the units digit of o?
1
Let n(c) = -2*c - 5. Let p be n(-5). Suppose i - p = -1. Suppose -i*o = -1 - 11. What is the units digit of o?
3
Let c(n) = n**2 - 2. Let h(k) = k**2 + 7*k + 0 + 1 + 6. Let s be h(-5). What is the units digit of c(s)?
7
Let o(i) = -i**3 + 7*i**2 + 9*i + 2. Let y be o(8). Suppose 0 = m - 3*m + y. What is the units digit of m?
5
Let n = 2 + 1. What is the units digit of n?
3
Let c(m) = m - 5. Let f be c(5). What is the tens digit of (-1 - (-2 + f))*13?
1
Suppose -5*f = -f + 4. Suppose 2*c = -4*m + 10, -3*m - 3*c = -c - 5. Let h = m + f. What is the units digit of h?
4
Suppose 0 = 5*l + 4*c - 334, -2*l + c - 19 + 163 = 0. Suppose k - 6*k + l = 0. What is the units digit of k?
4
Let n = 1 - -3. Suppose n*h + 7 = k, 0*k = -5*k - 3*h + 58. What is the units digit of k?
1
Let d be (-2)/2*(6 - 6). Let r(j) = j**2 + j + 14. What is the units digit of r(d)?
4
Let v(n) = 4*n**2 + 18*n + 5. What is the tens digit of v(-5)?
1
Let j be ((-56)/16)/((-2)/8). Let h = -1 + j. What is the tens digit of h?
1
Let l = -8 - -11. Suppose -2*s + w = -l*s + 50, 3*w - 6 = 0. What is the units digit of s?
8
Suppose 0 = b + 5*r - 40, -b + 5*r = b - 65. Let j = 67 - b. What is the tens digit of j?
3
Suppose 0*q + 2*q = 3*s - 38, 4*s + 5*q - 20 = 0. Let w = s - 5. What is the units digit of w?
5
Suppose -4*w + 6*w = 4. What is the tens digit of -2*(w - 38/4)?
1
Let c = -7 + 17. Let n be c/5 - (1 + -21). Suppose 5*q - 26 = -2*b, 0*q = 3*b - q - n. What is the units digit of b?
8
Suppose 0 = -4*a + 754 + 1054. Suppose 4*r - 4*p = a, 3*r - 367 = -0*p - 4*p. Suppose r - 12 = 5*m. What is the tens digit of m?
2
Let u(f) = f**3 - 18*f**2 + 21*f - 40. What is the tens digit of u(17)?
2
Suppose 5*w - 4*r = 18, 4*w + r - 4 = -r. Suppose -3*q + 43 = -w. What is the tens digit of q?
1
Let v be (-2)/(-7) - 24/(-14). Suppose 3*s - 58 = v*m - 296, 10 = 5*s. What is the units digit of m/18 + 2/9?
7
Let d(i) = i**3 + i**2 + i - 4. Let f be d(0). What is the tens digit of f/(-18) - 716/(-18)?
4
Let b = -4 - -21. What is the tens digit of b?
1
Suppose 0*m + 52 = m. What is the units digit of m?
2
What is the hundreds digit of 0 + 206 + 36/6?
2
Suppose 4*b + 3 + 37 = 0. Let a = -5 - b. Let s = -2 + a. What is the units digit of s?
3
Let h = -7 + 12. Let y = -2 + h. Let z = 6 - y. What is the units digit of z?
3
Let b(d) = d**3 + 9*d**2 - 20*d + 14. What is the units digit of b(-10)?
4
Suppose 0 = -4*u + 2*u + 8. Let g(a) = u + 7*a - a**2 + 0*a + a. What is the tens digit of g(6)?
1
Suppose -5*h - 122 = -2*x, 0 = 5*x - 2*h - 2*h - 271. What is the units digit of x?
1
Suppose 11 + 9 = 5*k. Suppose 4*x = -4*l + 132, -l - 2*x + 45 = -k*x. What is the units digit of l?
7
Let o = 3 + -3. Let p = 2 - o. Suppose -2*m - i = -0*i - 1, -5*m - p*i = -5. What is the units digit of m?
3
Let u = 6 + 12. Suppose -3*y + 19 = 2*r, 0 = 3*r - 0*y + y - u. What is the units digit of r?
5
Suppose -4*z + 3*w + w - 40 = 0, -5*w + 8 = z. Let f = z + 15. What is the units digit of f?
8
Let k = 76 - -3. What is the units digit of k?
9
Let s be (-2 - -1 - 0)*-5. Suppose -s*y + 2*y + 36 = 0. What is the tens digit of y?
1
Let m be 3/((15/(-2))/5). Let g(a) = -6*a**2 - 4*a - 2. Let n be g(m). Let c = -13 - n. What is the units digit of c?
5
Let x = -97 - -156. Suppose -x - 19 = -3*o. What is the tens digit of o?
2
Suppose 5*q - 8*q = -63. What is the tens digit of q?
2
Suppose 4*y - 44 = 2*h, 2*y - 24 = -0*h + 2*h. What is the tens digit of y?
1
Let b be (-2)/9 + (-80)/(-36). Let m(k) = 6*k**2 - 2*k - 1. What is the units digit of m(b)?
9
Let i be (-40)/(-15)*(-18)/(-4). Suppose z = 3 - 0. Suppose z*h - i = 3. What is the units digit of h?
5
Let j(k) = 9*k - 17. What is the tens digit of j(5)?
2
Suppose -s = -3*s + 14. Let z be s - (3 - 2) - 0. Let g(c) = -c**2 + 8*c - 5. What is the units digit of g(z)?
7
Suppose -o + 3 = -0. Let k(t) = 6*t - 2*t - o*t + 5. What is the units digit of k(-4)?
1
Let l = 136 - -89. What is the units digit of l?
5
Suppose -5*k + 79 = p, 2*k - p - 3*p - 36 = 0. What is the units digit of k?
6
Let g = 3 + -2. Let l(a) = 6*a + 1. What is the units digit of l(g)?
7
Let p(a) = a**2 + 6*a + 7. Let o be p(-5). Suppose 0 = 4*x + o*g, -10 = 3*x + 2*g + 2*g. What is the units digit of x?
2
Suppose 4*w = -5 + 1. Let s = w - -10. What is the units digit of s?
9
Let q(d) = 61*d**2 + 4*d - 3. What is the hundreds digit of q(2)?
2
Let k(g) be the first derivative of -g**3/3 - 7*g**2/2 - 3*g - 1. Let j = -12 - -7. What is the units digit of k(j)?
7
Suppose 4*k = 3*k. What is the units digit of 4/(8/6) + k?
3
Suppose -16 = -4*b - 0*b. Suppose b*i + 3*u = 3*i + 26, -2*u = -8. What is the units digit of i?
4
Let s = 145 + -57. What is the units digit of s?
8
Let f(h) = -h + 3*h**2 + 11*h**2 + 0*h. Let t = -27 + 26. What is the tens digit of f(t)?
1
Suppose -i + 0*i + 1 = 0. Let q be (-6)/(1*i*-2). Suppose -y - 16 = -3*t + 2, t + q*y - 16 = 0. What is the units digit of t?
7
Suppose -9*j + 87 = -156. What is the tens digit of j?
2
Let s be 13 - -2*6/(-4). Let p be (-8)/(-6)*15/s. Suppose z = h + 7, h + p = -4*z + 15. What is the units digit of z?
4
Let w be 22/8 - (-1)/4. Suppose -4*k = 5 + w. What is the units digit of 10 - (k - (0 - 0))?
2
Let k(t) = -4*t + 1. Let z be k(-2). Let h = -8 + z. What is the units digit of h?
1
Let s(o) = -o + 1. Let t be s(1). Suppose 5*w + 2*p - 100 = t, -4*p + 6 + 32 = w. What is the units digit of w?
8
Let w be ((-18)/5)/(4/(-10)). Suppose -3*d + 6 + w = 0. What is the units digit of d?
5
Let c(y) = -y**2 + 48. Let v be c(0). Suppose -6*k + 2*k + v = 0. What is the units digit of k?
2
Suppose 4*x + 20 = 0, -7*x = y - 3*x + 26. Let i(v) = -v**3 - 5*v**2 + 4*v + 6. What is the units digit of i(y)?
8
Let h be 3*(2 + 16/(-6)). Let d be (2 + h)/(-2) - -3. Let y = 2 + d. What is the units digit of y?
5
Suppose 0 = -2*x - 5*t + 138, x = -3*x - 3*t + 304. Let z = x - 49. What is the units digit of z?
0
Let t(a) = -a**2 + 2*a**2 + 5*a + 0*a**2 + 5 - 4*a. What is the tens digit of t(-5)?
2
Let o = -7 - -3. Let v = 10 + o. What is the units digit of v?
6
Let i = 56 + -22. Let t be ((-2)/6)/((-2)/24). Suppose -4*z = -2*x + i, -t*x + z + 61 = -0*z. What is the tens digit of x?
1
Suppose 0*s + 5*s = -5*p + 50, 4*p + 5*s - 42 = 0. Suppose -22 = 2*u - 5*x, 2*u - x + p + 6 = 0. What is the units digit of 8 + (-3 - (2 + u))?
9
Let d be 0 + 125*(-1 - 0). Let l be d/(-6) + 2/12. Suppose -5*x + 29 = -l. What is the units digit of x?
0
Let y(a) = a + 6. Suppose 0 = -4*d - 17 + 49. Suppose -4*r + 2*r - d = 0. What is the units digit of y(r)?
2
Suppose -5 = -f + 2. Suppose -f = -3*v + 2. What is the units digit of v?
3
Suppose 0 = -4*i - g + 44, i - g - 16 = -0*i. Let z = 18 - i. What is the units digit of z?
6
Suppose 0*w = 2*w. Let u be (-1 - -3) + w/(-1). What is the units digit of 2 + (-6)/(-1*u)?
5
Let d(n) = 7*n**2 + 19*n + 23. Suppose -2 = -2*b + 8. Let s(f) = -4*f**2 - 10*f - 12. Let l(c) = b*s(c) + 3*d(c). What is the units digit of l(-6)?
3
Suppose -m = -2*m + w + 8, -5*w = 5*m. Suppose 2*c = 12 - 4, 0 = m*z - 5*c - 124. What is the units digit of z?
6
Let l(b) = -6*b. Let o be l(1). What is the units digit of -1*1/2*o?
3
Let g(m) = m + 8. Let k be g(-6). Suppose 4*d = -k*j + 46, 5*d = 6*j - j + 20. What is the units digit of d?
9
Suppose n + 5 = 3. Let q(w) = w**3 + 4*w**2 + 3*w - 1. What is the units digit of q(n)?
1
Let q(u) = u**2 + 5*u + 8. Let y = -17 - -11. What is the tens digit of q(y)?
1
Let o = 4 + -6. What is the units digit of o + (3 - (-2 + 1))?
2
Let o(n) be the first derivative of 1/4*n**4 - 11/3*n**3 + 0*n**2 - 3 + 11*n. What is the units digit of o(11)?
1
Suppose 2*v = -2*v + 16. Let a = v + 112. What is the units digit of a/14 - 10/35?
8
Suppose 4*w - 72 = 100. What is the units digit of w?
3
Let r(v) be the third derivative of -7/60*v**5 + 0*v - 1/12*v**4 + 0 - 1/120*v**6 + 1/6*v**3 + 3*v**2. What is the tens digit of r(-7)?
1
Let r be ((-2)/3)/((-5)/(-15)). Let d = 4 + r. Suppose 2*m + d*z - 16 = -3*z, 3*m + 2*z = 13. What is the units digit of m?
3
Suppose -7*t = 7*t - 1974. What is the hundreds digit of t?
1